ime factors of z(t).
2, 7
Let q(a) = -a**3 - a**2 - 13*a - 2. What are the prime factors of q(-6)?
2
Suppose -17*r = -13*r - 112. What are the prime factors of r?
2, 7
Let o(y) = 3*y**2 - 4*y - 1. Let v be o(3). Suppose v = -5*u + 3*u. Let p = 18 + u. What are the prime factors of p?
11
Let u(p) be the third derivative of -p**6/120 + p**5/12 - p**4/6 + p**3/3 - 3*p**2. Let s be u(2). Suppose -2*n + s = -10. What are the prime factors of n?
2
Let l = 6 + -6. Let f(k) = -2 - k + l + 6. List the prime factors of f(0).
2
Let g be (2 + 3 + -5)/(-1). What are the prime factors of g + 12*(-1)/(-1)?
2, 3
Suppose -3*u + 82 + 11 = 0. What are the prime factors of u?
31
Let y(j) = -j**3 - 2*j**2 + j. Let r be y(-3). Let m(q) = 2 + 6*q - 3 + q - 6*q. What are the prime factors of m(r)?
5
Let y = 15 + -10. List the prime factors of y.
5
Suppose -q = 5*c - 70, 3*c - 6*c - 120 = -3*q. List the prime factors of q.
3, 5
Let y(r) = -r + 2. Let d be y(2). Let v(p) = p**2 - 5*p + 2. Let c be v(5). Let x = c - d. List the prime factors of x.
2
Let j be ((-1)/4)/((-1)/212). Suppose 0 = -2*x - x - 3*l + 48, -5*x + 4*l + j = 0. What are the prime factors of x?
13
Let q(l) = 0*l**2 + l**2 + 29*l - 27*l. List the prime factors of q(-6).
2, 3
Let t(x) be the second derivative of x**5/20 + x**4/12 - x**3/2 + x**2/2 - 2*x. Let d be t(-3). What are the prime factors of (-17)/(-4) + 2/d?
2
Let r = 34 - -220. List the prime factors of r.
2, 127
Let y(t) = t**2 + 3*t + 3. Let z be y(-3). What are the prime factors of z/((-3)/(-11)) - 0?
11
Let c = -20 - -114. List the prime factors of c.
2, 47
Let v = -39 + 62. What are the prime factors of v?
23
Let c = -7 - -2. Let n = 2 - c. List the prime factors of n.
7
Let f(z) = z - 8. Let y be f(10). Suppose 0 = y*n - 6*n - 8. Let c = n + 18. List the prime factors of c.
2
Let w be (-13)/3 + (-3)/(-9). List the prime factors of (4/3)/w*-12.
2
What are the prime factors of (-94)/(1*(-3 + 2))?
2, 47
Suppose 4*p - 166 = -3*z - 2*z, 0 = 5*p + 3*z - 201. List the prime factors of p.
3, 13
What are the prime factors of (-27)/18*(0 - 4)?
2, 3
Let l be (2/6)/(2/66). Let x = l + -8. Suppose -y + u + 3 = 0, 0*u + 5 = y - x*u. What are the prime factors of y?
2
Let r = 20 + -28. What are the prime factors of (-210)/r - 9/(-12)?
3
Suppose 2*r + 2*r - 16 = 0. Suppose -5*f - r*i + 3*i = -125, 5*i - 50 = -2*f. List the prime factors of f.
5
Suppose -64 = -4*d + 3*c - 19, 2*d - 3*c = 27. Suppose 3*w - 3 - d = 0. Suppose 7 = k - w*n, 2*k - 34 = -n - 2. What are the prime factors of k?
3, 5
What are the prime factors of ((-141)/(-1))/(3 - (-9)/(-6))?
2, 47
Suppose -1791 = -15*k + 6*k. What are the prime factors of k?
199
List the prime factors of -1*(0 - 1) + 43.
2, 11
Let q be (-1 - (-2 + 0))*-29. Let o = -15 - q. List the prime factors of o.
2, 7
What are the prime factors of 3/(-2)*(-18 + 4)?
3, 7
Let s(f) = 2*f. List the prime factors of s(14).
2, 7
Suppose 0 = v - 5*v - 96. Let z = -9 - v. List the prime factors of z.
3, 5
Let k(x) = x**2 + 23*x - 14. List the prime factors of k(9).
2, 137
Suppose 0 = -h - 0*h + 26. What are the prime factors of h?
2, 13
Suppose -2*d = -7 + 35. Let s = 0 - d. What are the prime factors of s?
2, 7
What are the prime factors of 42/4*2/3?
7
Suppose -4*u - 46 - 14 = -3*t, -20 = -t - u. List the prime factors of t.
2, 5
Suppose 16*w = 13*w + 465. What are the prime factors of w?
5, 31
Suppose d + 4*d - 175 = 0. List the prime factors of d.
5, 7
Suppose h + 3 = -y, 0 = y + 3*y - 3*h - 9. Let t = y + 2. List the prime factors of (2 - t) + (17 - 0).
17
What are the prime factors of ((-1)/2)/(-1*(-3)/(-816))?
2, 17
Let w be (-1)/(-2) + (-1)/2. Suppose -2*h - 14 = -w*h. Let k = h + 22. What are the prime factors of k?
3, 5
Suppose -c = c. Suppose -3*n + 20 = 2*j, -j + 25 = 4*n - c*j. What are the prime factors of (3/2)/(1/n)?
3
Let y = 85 - 38. What are the prime factors of y?
47
Let l = 21 + -5. List the prime factors of l.
2
What are the prime factors of (6/(-4))/((-7)/322)?
3, 23
Suppose 3*d - 4*d - 4*u = -36, 3*u = 3*d - 63. Suppose 79 = 2*s + 3. Let r = s - d. What are the prime factors of r?
2, 7
Let y be (35/10)/((-2)/(-20)). Let k = -24 + y. What are the prime factors of k?
11
Suppose -2*l + 712 = 4*n, 5*l + 2*n - 1762 = -2*n. List the prime factors of l.
2, 5, 7
Let a = 4 + 1. Let j(h) be the first derivative of h**4/4 - 4*h**3/3 - 3*h**2/2 - 2*h - 1. List the prime factors of j(a).
2
Let s be ((-6)/(-3))/(2/(-3)). Let r = s - -8. What are the prime factors of r?
5
Suppose -5*x + 763 = -0*d + 3*d, 151 = x + d. What are the prime factors of x?
5, 31
Let t = -2 - -2. Suppose -3*l + 7*l = t. Suppose l*v = 2*o - 2*v + 4, -8 = 2*o - 3*v. What are the prime factors of o?
2
Let i = 50 + -26. Let k = i - 36. What are the prime factors of (-8)/20*(2 + k)?
2
Suppose 598 = 3*q - 2*o - 104, -3*o - 1169 = -5*q. Suppose -2*y + q = 4*f, -3*f + 112 = -y - 62. What are the prime factors of f?
2, 29
Suppose a + 4*w = 1, 0*a + 21 = 4*a - w. Suppose 8 = -u + a*u. List the prime factors of u.
2
Suppose -2*o + 35 = 3*n, -n = o - 4*n - 40. Let h = -12 + o. List the prime factors of h.
13
Suppose -2*g + 4 = x, 4*g - 1 = 4*x + 7. Let m(v) = v. Let b be m(x). Suppose q = z + 2*z - 33, -q - 3 = b. List the prime factors of z.
2, 5
Let x(f) = 15*f**2 - 2*f + 3. Let p be x(-3). Suppose -6*t = -2*t - p. Let y = t + -26. List the prime factors of y.
2, 5
Suppose 3*j + 15 = 5*n, -2*j = -2*n - 0*j + 2. Suppose -4*d + 33 = h, -n*d - h + 24 = -3*d. List the prime factors of d.
3
Suppose -23 = -4*p + 3*d, -p - 2*d = -4*d - 7. Suppose -p*o = -7 - 8. List the prime factors of ((-27)/6)/(o/(-4)).
2, 3
Suppose 17 = 5*q - 8. Let v = -3 + q. Suppose r - v = 3. List the prime factors of r.
5
Suppose -2*g = -g - 20. List the prime factors of g.
2, 5
Let h(g) = g**3 - 4*g**2 - 6*g + 4. Let t be h(5). List the prime factors of (t - (-4 - 3)) + 0.
2, 3
Suppose -2*r = 3*m + 203 - 801, 2*m = 4*r - 1228. List the prime factors of r.
5, 61
Let q = 107 - 68. List the prime factors of q.
3, 13
Let b(k) = -2*k - 4. Suppose -18 = 4*u - u - s, -3*s + 26 = -5*u. List the prime factors of b(u).
2, 5
Suppose -5*k + 60 = -5*v, 2*k - v - 15 = 5. Suppose -k = i - 3*i. Let t = i - -9. What are the prime factors of t?
13
Suppose 2*z - 2*o + 2 - 70 = 0, 4*z - 3*o - 140 = 0. Suppose 0*a + f = -a + 10, 5*a - f = z. List the prime factors of a.
2
Let z(w) = 3*w - 12. What are the prime factors of z(12)?
2, 3
Let u = 39 + -3. List the prime factors of u.
2, 3
Suppose 11*c - 12*c = -5. List the prime factors of c.
5
Let k(w) = -10*w + 15. What are the prime factors of k(-3)?
3, 5
Suppose 0*m - 2*m = -4. What are the prime factors of m?
2
Suppose 0 = -3*b + 3*x + 2 + 16, -x = 2*b. Suppose 4*g = 2*n - 34, b*g = 2 + 6. Suppose 3*j - n = 35. What are the prime factors of j?
2, 5
Let o = -26 + 64. What are the prime factors of o?
2, 19
Let j(u) be the second derivative of -u**5/20 - u**4/12 + u**3/6 - 3*u**2/2 + u. What are the prime factors of j(-3)?
2, 3
Let x = -3 + 3. Suppose 2*d - 3*t + 21 = x, -2*t = -d + 8 - 21. What are the prime factors of (-4 + 1)/d + 11?
2, 3
Let s be 7*((-10)/14 - -1). Suppose -10 = s*q - 3*q. Suppose -z + h + q = 0, z = -3*h + 9 + 21. What are the prime factors of z?
3, 5
Let u(j) be the third derivative of j**4/24 + 61*j**3/2 - j**2. Let i be u(0). List the prime factors of i/15 - 1/5.
2, 3
Let g(a) = -3*a + 13. What are the prime factors of g(3)?
2
Let f be ((-30)/(-8))/((-8)/(-32)). Let s = -5 + f. What are the prime factors of s?
2, 5
Let i(j) = j**3 - 2*j**2 - 2*j + 2 + 2*j**3 - 4*j. What are the prime factors of i(3)?
47
Suppose -5*i + 2*t + 9 = -0*i, -2*i + 3*t = 3. Let o(j) = 4*j - 3. List the prime factors of o(i).
3
Let i = -79 + 187. List the prime factors of i.
2, 3
Let b(z) = 6*z - 1. Let s(k) = k. Let u(f) = b(f) - 5*s(f). Let i be 2 + 7 + -2 + 1. List the prime factors of u(i).
7
List the prime factors of 275/6 + (-3)/(-18).
2, 23
Suppose 5 = -3*u - 5*b - 5, -b - 5 = 0. What are the prime factors of -1 + u - (-4)/(-2)?
2
Let i(j) = -j**2 - j + 2. Let w be i(-2). Let x be (-1 - -3) + 11 - -3. Suppose t = -w*t + x. List the prime factors of t.
2
Let v be (-3)/((-12)/16 + 0). Let a(y) = y**2 - 2*y - 5. What are the prime factors of a(v)?
3
Su